{"id":1003,"date":"2025-10-31T15:52:15","date_gmt":"2025-10-31T14:52:15","guid":{"rendered":"https:\/\/www.daregio.hu\/?page_id=1003"},"modified":"2026-03-09T10:08:54","modified_gmt":"2026-03-09T09:08:54","slug":"mesterseges-intelligencia-a-mindennapokban","status":"publish","type":"page","link":"https:\/\/www.daregio.hu\/index.php\/mesterseges-intelligencia-a-mindennapokban\/","title":{"rendered":"Mesters\u00e9ges intelligencia a mindennapokban"},"content":{"rendered":"<div id=\"pl-1003\"  class=\"panel-layout\" ><div id=\"pg-1003-0\"  class=\"panel-grid panel-no-style\" ><div id=\"pgc-1003-0-0\"  class=\"panel-grid-cell\" ><div id=\"panel-1003-0-0-0\" class=\"so-panel widget widget_black-studio-tinymce widget_black_studio_tinymce panel-first-child panel-last-child\" data-index=\"0\" ><div class=\"textwidget\"><h2><strong>Mesters\u00e9ges intelligencia a mindennapokban <\/strong><\/h2>\n<\/div><\/div><\/div><\/div><div id=\"pg-1003-1\"  class=\"panel-grid panel-no-style\" ><div id=\"pgc-1003-1-0\"  class=\"panel-grid-cell\" ><div id=\"panel-1003-1-0-0\" class=\"so-panel widget widget_sow-image panel-first-child panel-last-child\" data-index=\"1\" ><div\n\t\t\t\n\t\t\tclass=\"so-widget-sow-image so-widget-sow-image-default-8b5b6f678277-1003\"\n\t\t\t\n\t\t>\n\n<div class=\"sow-image-container\">\n\t\t<img decoding=\"async\" src=\"https:\/\/www.daregio.hu\/wp-content\/uploads\/2025\/10\/Nevtelen-terv-10-300x300.jpg\" width=\"300\" height=\"300\" srcset=\"https:\/\/www.daregio.hu\/wp-content\/uploads\/2025\/10\/Nevtelen-terv-10-300x300.jpg 300w, https:\/\/www.daregio.hu\/wp-content\/uploads\/2025\/10\/Nevtelen-terv-10-1024x1024.jpg 1024w, https:\/\/www.daregio.hu\/wp-content\/uploads\/2025\/10\/Nevtelen-terv-10-150x150.jpg 150w, https:\/\/www.daregio.hu\/wp-content\/uploads\/2025\/10\/Nevtelen-terv-10-768x768.jpg 768w, https:\/\/www.daregio.hu\/wp-content\/uploads\/2025\/10\/Nevtelen-terv-10-375x375.jpg 375w, https:\/\/www.daregio.hu\/wp-content\/uploads\/2025\/10\/Nevtelen-terv-10-216x216.jpg 216w, https:\/\/www.daregio.hu\/wp-content\/uploads\/2025\/10\/Nevtelen-terv-10.jpg 1200w\" sizes=\"(max-width: 300px) 100vw, 300px\" title=\"N\u00e9vtelen terv (10)\" alt=\"Mesters\u00e9ges intelligencia\" \t\tclass=\"so-widget-image\"\/>\n\t<\/div>\n\n<\/div><\/div><\/div><div id=\"pgc-1003-1-1\"  class=\"panel-grid-cell\" ><div id=\"panel-1003-1-1-0\" class=\"so-panel widget widget_sow-editor panel-first-child panel-last-child\" data-index=\"2\" ><div class=\"panel-widget-style panel-widget-style-for-1003-1-1-0\" ><div\n\t\t\t\n\t\t\tclass=\"so-widget-sow-editor so-widget-sow-editor-base\"\n\t\t\t\n\t\t>\n<div class=\"siteorigin-widget-tinymce textwidget\">\n\t<p>A <strong>Mesters\u00e9ges intelligencia a mindennapokban \u2013 gyakorlati k\u00e9pz\u00e9s\u00a0<\/strong><\/p>\n<p>A mesters\u00e9ges intelligencia nem a j\u00f6v\u0151, hanem a jelen \u2013 \u00e9s azok j\u00e1rnak j\u00f3l, akik megtanulj\u00e1k okosan haszn\u00e1lni. Ez a gyakorlati k\u00e9pz\u00e9s l\u00e9p\u00e9sr\u0151l l\u00e9p\u00e9sre mutatja meg, hogyan \u00e9p\u00edthet\u0151 be az AI a mindennapi munk\u00e1ba, ak\u00e1r irodai, oktat\u00f3i vagy v\u00e1llalkoz\u00f3i ter\u00fcleten.<\/p>\n<p>A k\u00e9pz\u00e9s \u00f3rasz\u00e1ma: 40 \u00f3ra -LIVE online t\u00e1voktat\u00e1s keretein bel\u00fcl val\u00f3sul meg<\/p>\n<p>\u00dctemez\u00e9se: hetente 4 \u00d7 45 perc<\/p>\n<p>El\u0151felt\u00e9tel: nincs<\/p>\n<\/div>\n<\/div><\/div><\/div><\/div><\/div><div id=\"pg-1003-2\"  class=\"panel-grid panel-no-style\" ><div id=\"pgc-1003-2-0\"  class=\"panel-grid-cell\" ><div id=\"panel-1003-2-0-0\" class=\"so-panel widget widget_sow-editor panel-first-child panel-last-child\" data-index=\"3\" ><div\n\t\t\t\n\t\t\tclass=\"so-widget-sow-editor so-widget-sow-editor-base\"\n\t\t\t\n\t\t>\n<div class=\"siteorigin-widget-tinymce textwidget\">\n\t<h3 data-start=\"471\" data-end=\"491\">A tananyag elemei<\/h3>\n<p data-start=\"493\" data-end=\"805\"><strong data-start=\"493\" data-end=\"539\">1. Bevezet\u00e9s a mesters\u00e9ges intelligenci\u00e1ba<\/strong><br data-start=\"539\" data-end=\"542\" \/>\u00c1ttekint\u00e9s az AI m\u0171k\u00f6d\u00e9s\u00e9r\u0151l, lehet\u0151s\u00e9geir\u0151l \u00e9s a legfontosabb alkalmaz\u00e1si ter\u00fcletekr\u0151l.<br data-start=\"630\" data-end=\"633\" \/>Megismer\u00e9sre ker\u00fclnek a legn\u00e9pszer\u0171bb AI-eszk\u00f6z\u00f6k: ChatGPT, Copilot, Gemini, DALL\u00b7E, Canva AI stb.<br data-start=\"731\" data-end=\"734\" \/>C\u00e9l: meg\u00e9rteni, hogyan seg\u00edthetik ezek az eszk\u00f6z\u00f6k a mindennapi munk\u00e1t.<\/p>\n<p data-start=\"812\" data-end=\"1150\"><strong data-start=\"812\" data-end=\"870\">2. Sz\u00f6vegalkot\u00e1s \u00e9s tartalomfejleszt\u00e9s AI seg\u00edts\u00e9g\u00e9vel<\/strong><br data-start=\"870\" data-end=\"873\" \/>A ChatGPT \u00e9s m\u00e1s nyelvi modellek hat\u00e9kony haszn\u00e1lata:<br data-start=\"926\" data-end=\"929\" \/>\u2013 sz\u00f6veg\u00edr\u00e1s, e-mail \u00e9s poszt k\u00e9sz\u00edt\u00e9s,<br data-start=\"968\" data-end=\"971\" \/>\u2013 tartalom\u00f6tletek gener\u00e1l\u00e1sa,<br data-start=\"1000\" data-end=\"1003\" \/>\u2013 promptok helyes megfogalmaz\u00e1sa, hogy a lehet\u0151 legjobb eredm\u00e9nyt adj\u00e1k.<br data-start=\"1075\" data-end=\"1078\" \/>Gyakorlati p\u00e9ld\u00e1k marketing, oktat\u00e1s \u00e9s irodai kommunik\u00e1ci\u00f3 ter\u00fclet\u00e9r\u0151l.<\/p>\n<p data-start=\"1157\" data-end=\"1445\"><strong data-start=\"1157\" data-end=\"1205\">3. K\u00e9pgener\u00e1l\u00e1s \u00e9s vizu\u00e1lis tartalomk\u00e9sz\u00edt\u00e9s<\/strong><br data-start=\"1205\" data-end=\"1208\" \/>AI-alap\u00fa k\u00e9pek \u00e9s grafikai elemek l\u00e9trehoz\u00e1sa (DALL\u00b7E, Canva AI).<br data-start=\"1273\" data-end=\"1276\" \/>Megtanulhat\u00f3, hogyan adhat\u00f3 meg a megfelel\u0151 le\u00edr\u00e1s (prompt), hogy a k\u00edv\u00e1nt st\u00edlusban \u00e9s min\u0151s\u00e9gben k\u00e9sz\u00fclj\u00f6n el a k\u00e9p.<br data-start=\"1394\" data-end=\"1397\" \/>Tippek a k\u00f6z\u00f6ss\u00e9gi m\u00e9dia \u00e9s webes megjelen\u00e9shez.<\/p>\n<p data-start=\"1452\" data-end=\"1706\"><strong data-start=\"1452\" data-end=\"1520\">4. Prezent\u00e1ci\u00f3k, dokumentumok \u00e9s irodai feladatok automatiz\u00e1l\u00e1sa<\/strong><br data-start=\"1520\" data-end=\"1523\" \/>Az AI haszn\u00e1lata prezent\u00e1ci\u00f3k (pl. PowerPoint, Canva), t\u00e1bl\u00e1zatok \u00e9s dokumentumok l\u00e9trehoz\u00e1s\u00e1ra.<br data-start=\"1619\" data-end=\"1622\" \/>Megtapasztalhat\u00f3, hogyan lehet rutinfeladatokat automatiz\u00e1lni \u00e9s id\u0151t megtakar\u00edtani.<\/p>\n<p data-start=\"1713\" data-end=\"1954\"><strong data-start=\"1713\" data-end=\"1765\">5. Adat- \u00e9s kutat\u00e1sseg\u00edt\u00e9s, produktivit\u00e1sn\u00f6vel\u00e9s<\/strong><br data-start=\"1765\" data-end=\"1768\" \/>AI-eszk\u00f6z\u00f6k, amelyek t\u00e1mogatj\u00e1k az inform\u00e1ci\u00f3gy\u0171jt\u00e9st, rendszerez\u00e9st \u00e9s d\u00f6nt\u00e9shozatalt.<br data-start=\"1855\" data-end=\"1858\" \/>P\u00e9ld\u00e1k a mindennapi haszn\u00e1latra: meeting-\u00f6sszefoglal\u00f3k, kutat\u00e1si anyagok, riportok el\u0151k\u00e9sz\u00edt\u00e9se.<\/p>\n<p data-start=\"1961\" data-end=\"2223\"><strong data-start=\"1961\" data-end=\"2001\">6. Gyakorlati feladat \u00e9s z\u00e1r\u00f3projekt<\/strong><br data-start=\"2001\" data-end=\"2004\" \/>A r\u00e9sztvev\u0151k egy\u00e9ni vagy csoportos projektet k\u00e9sz\u00edtenek, ahol egy konkr\u00e9t probl\u00e9m\u00e1t oldanak meg mesters\u00e9ges intelligencia seg\u00edts\u00e9g\u00e9vel \u2014 pl. egy marketingkamp\u00e1ny, arculat, prezent\u00e1ci\u00f3 vagy tartalomcsomag l\u00e9trehoz\u00e1s\u00e1val.<\/p>\n<p data-start=\"2230\" data-end=\"2422\"><strong data-start=\"2230\" data-end=\"2238\">C\u00e9l:<\/strong><br data-start=\"2238\" data-end=\"2241\" \/>A k\u00e9pz\u00e9s v\u00e9g\u00e9re minden r\u00e9sztvev\u0151 k\u00e9pes lesz <strong data-start=\"2285\" data-end=\"2349\">\u00f6n\u00e1ll\u00f3an \u00e9s tudatosan haszn\u00e1lni a mesters\u00e9ges intelligenci\u00e1t<\/strong> munk\u00e1ja vagy v\u00e1llalkoz\u00e1sa t\u00e1mogat\u00e1s\u00e1ra \u2014 technikai el\u0151k\u00e9pzetts\u00e9g n\u00e9lk\u00fcl.<\/p>\n<\/div>\n<\/div><\/div><\/div><\/div><div id=\"pg-1003-3\"  class=\"panel-grid panel-no-style\" ><div id=\"pgc-1003-3-0\"  class=\"panel-grid-cell\" ><div id=\"panel-1003-3-0-0\" class=\"so-panel widget widget_black-studio-tinymce widget_black_studio_tinymce panel-first-child panel-last-child\" data-index=\"4\" ><div class=\"panel-widget-style panel-widget-style-for-1003-3-0-0\" ><div class=\"textwidget\"><p style=\"text-align: center;\"><span style=\"color: #ffffff;\"><strong>A k\u00e9pz\u00e9s \u00e1ra:<\/strong><\/span><\/p>\n<p style=\"text-align: center;\"><span style=\"color: #ffffff;\"><strong>Egy\u00f6sszeg\u0171 fizet\u00e9s eset\u00e9n: 219.000 Ft<\/strong><\/span><\/p>\n<div id=\"pgc-259-3-0\" class=\"panel-grid-cell\" style=\"text-align: left;\">\n<div id=\"panel-259-3-0-0\" class=\"so-panel widget widget_black-studio-tinymce widget_black_studio_tinymce panel-first-child panel-last-child\" data-index=\"4\">\n<div class=\"panel-widget-style panel-widget-style-for-259-3-0-0\">\n<div class=\"textwidget\">\n<div class=\"elementor-element elementor-element-30a3287 e-con-full e-flex e-con e-child\" data-id=\"30a3287\" data-element_type=\"container\" data-settings=\"{&quot;content_width&quot;:&quot;full&quot;}\">\n<div class=\"elementor-element elementor-element-c42189f e-con-full e-flex e-con e-child\" data-id=\"c42189f\" data-element_type=\"container\" data-settings=\"{&quot;content_width&quot;:&quot;full&quot;,&quot;background_background&quot;:&quot;classic&quot;}\">\n<div class=\"elementor-element elementor-element-29769a6 elementor-widget__width-initial elementor-widget elementor-widget-text-editor\" data-id=\"29769a6\" data-element_type=\"widget\" data-widget_type=\"text-editor.default\">\n<div class=\"elementor-widget-container\">\n<p style=\"text-align: center;\"><strong><span style=\"color: #ffffff;\">R\u00e9szletfizet\u00e9s eset\u00e9n: 1*25.000 Ft + 7*33.00 Ft = 256.000 Ft<\/span><\/strong><\/p>\n<\/div>\n<\/div>\n<\/div>\n<\/div>\n<\/div>\n<\/div>\n<\/div>\n<\/div>\n<\/div><\/div><\/div><\/div><\/div><div id=\"pg-1003-4\"  class=\"panel-grid panel-no-style\" ><div id=\"pgc-1003-4-0\"  class=\"panel-grid-cell\" ><div id=\"panel-1003-4-0-0\" class=\"so-panel widget widget_black-studio-tinymce widget_black_studio_tinymce panel-first-child panel-last-child\" data-index=\"5\" ><div class=\"textwidget\"><p style=\"text-align: center;\"><span style=\"font-size: 12pt;\">Ha tov\u00e1bbi r\u00e9szleteket szeretn\u00e9l megtudni a k\u00e9pz\u00e9seinkr\u0151l, akkor iratkozz fel a h\u00edrlevel\u00fcnkre, ha \u00e9rdekel a k\u00f6vetkez\u0151 indul\u00f3 k\u00e9pz\u00e9s\u00fcnk, kattints ide:<\/span><\/p>\n<\/div><\/div><\/div><\/div><div id=\"pg-1003-5\"  class=\"panel-grid panel-no-style\" ><div id=\"pgc-1003-5-0\"  class=\"panel-grid-cell\" ><div id=\"panel-1003-5-0-0\" class=\"so-panel widget widget_sow-button panel-first-child panel-last-child\" data-index=\"6\" ><div\n\t\t\t\n\t\t\tclass=\"so-widget-sow-button so-widget-sow-button-flat-1a6be60d51a4-1003\"\n\t\t\t\n\t\t><div class=\"ow-button-base ow-button-align-center\">\n\t\t\t<a\n\t\t\t\t\thref=\"https:\/\/mailchi.mp\/8d401eff230f\/jw6fygnkkk\"\n\t\t\t\t\tclass=\"sowb-button ow-icon-placement-left ow-button-hover\" \t>\n\t\t<span>\n\t\t\t\n\t\t\t\u00c9RDEKL\u0150D\u00d6M\t\t<\/span>\n\t\t\t<\/a>\n\t<\/div>\n<\/div><\/div><\/div><\/div><div id=\"pg-1003-6\"  class=\"panel-grid panel-no-style\" ><div id=\"pgc-1003-6-0\"  class=\"panel-grid-cell\" ><div id=\"panel-1003-6-0-0\" class=\"so-panel widget widget_black-studio-tinymce widget_black_studio_tinymce panel-first-child panel-last-child\" data-index=\"7\" ><div class=\"textwidget\"><p><script>(function() {\n\twindow.mc4wp = window.mc4wp || {\n\t\tlisteners: [],\n\t\tforms: {\n\t\t\ton: function(evt, cb) {\n\t\t\t\twindow.mc4wp.listeners.push(\n\t\t\t\t\t{\n\t\t\t\t\t\tevent   : evt,\n\t\t\t\t\t\tcallback: cb\n\t\t\t\t\t}\n\t\t\t\t);\n\t\t\t}\n\t\t}\n\t}\n})();\n<\/script><!-- Mailchimp for WordPress v4.9.14 - https:\/\/wordpress.org\/plugins\/mailchimp-for-wp\/ --><form id=\"mc4wp-form-1\" class=\"mc4wp-form mc4wp-form-417 mc4wp-form-basic\" method=\"post\" data-id=\"417\" data-name=\"Mailchimpes feliratkoz\u00f3s \u0171rlap\" ><div class=\"mc4wp-form-fields\"> <div id=\"mc_embed_shell\">\r\n     <link href=\"\/\/cdn-images.mailchimp.com\/embedcode\/classic-061523.css\" rel=\"stylesheet\" type=\"text\/css\">\r\n  <style type=\"text\/css\">\r\n        #mc_embed_signup{false;clear:left; font:14px Helvetica,Arial,sans-serif; width: 600px;}\r\n        \/* Add your own Mailchimp form style overrides in your site stylesheet or in this style block.\r\n        We recommend moving this block and the preceding CSS link to the HEAD of your HTML file. *\/\r\n<\/style> \r\n<div id=\"mc_embed_signup\">\r\n    \r\n        <div id=\"mc_embed_signup_scroll\"><h2>Tudj meg t\u00f6bbet<\/h2>\r\n            <div class=\"indicates-required\"><span class=\"asterisk\">*<\/span> k\u00f6telez\u0151 mez\u0151<\/div>\r\n            <div class=\"mc-field-group\"><label for=\"mce-EMAIL\">E-mail:<span class=\"asterisk\">*<\/span><\/label><input type=\"email\" name=\"EMAIL\" class=\"required email\" id=\"mce-EMAIL\" required=\"\" value=\"\"><\/div><div class=\"mc-field-group\"><label for=\"mce-FNAME\">Keresztn\u00e9v: <span class=\"asterisk\">*<\/span><\/label><input type=\"text\" name=\"FNAME\" class=\"required text\" id=\"mce-FNAME\" required=\"\" value=\"\"><\/div><div class=\"mc-field-group\"><label for=\"mce-MMERGE9\">\u00c9rdekl\u0151d\u00e9s <span class=\"asterisk\">*<\/span><\/label><select name=\"MMERGE9\" class=\"required\" id=\"mce-MMERGE9\"><option value=\"\"><\/option><option value=\"Digit\u00e1lis kult\u00fara - \u00c9retts\u00e9gi felk\u00e9sz\u00edt\u00e9s\">Digit\u00e1lis kult\u00fara - \u00c9retts\u00e9gi felk\u00e9sz\u00edt\u00e9s<\/option><option value=\"Webdesigner k\u00e9pz\u00e9s\">Webdesigner k\u00e9pz\u00e9s<\/option><option value=\"Wordpress k\u00e9pz\u00e9s\">WordPress k\u00e9pz\u00e9s<\/option><option value=\"Office magic - favorit 2 k\u00e9pz\u00e9s\">Office magic - favorit 2 k\u00e9pz\u00e9s<\/option><option value=\"PHP k\u00e9pz\u00e9s\">PHP k\u00e9pz\u00e9s<\/option><option value=\"\u00c1ltal\u00e1nos \u00e9rdekl\u0151d\u00e9s\">\u00c1ltal\u00e1nos \u00e9rdekl\u0151d\u00e9s<\/option><\/select><\/div><div class=\"mc-field-group\"><label for=\"mce-LNAME\">Vezet\u00e9kn\u00e9v: <\/label><input type=\"text\" name=\"LNAME\" class=\" text\" id=\"mce-LNAME\" value=\"\"><\/div><div class=\"mc-field-group\"><label for=\"mce-PHONE\">Telefonsz\u00e1m: <\/label><input type=\"text\" name=\"PHONE\" class=\"REQ_CSS\" id=\"mce-PHONE\" value=\"\"><\/div>\r\n          <div class=\"mc-field-group\"><label for=\"mce-BIRTHDAY-month\">Sz\u00fclet\u00e9snap: <\/label>\r\n          <div class=\"datefield\"><span class=\"subfield monthfield\"><input class=\"birthday REQ_CSS\" type=\"text\" pattern=\"[0-9]*\" placeholder=\"HH\" size=\"2\" maxlength=\"2\" name=\"BIRTHDAY[month]\" id=\"mce-BIRTHDAY-month\" value=\"\"><\/span> \/<span class=\"subfield dayfield\"><input class=\"birthday REQ_CSS\" type=\"text\" pattern=\"[0-9]*\" placeholder=\"NN\" size=\"2\" maxlength=\"2\" name=\"BIRTHDAY[day]\" id=\"mce-BIRTHDAY-day\" value=\"\"><\/span>\r\n          \t<span class=\"small-meta nowrap\">( h\u00f3nap \/ nap )<\/span><\/div><\/div>\r\n<div hidden=\"\"><input type=\"hidden\" name=\"tags\" value=\"13395\"><\/div> \r\n\r\n <\/div>\r\n  <div>\r\n  \t\t  <label>\r\n  \t\t\t<span class=\"asterisk\">*<\/span>\r\n  \t\t\t<input type=\"checkbox\" name=\"AGREE_TO_TERMS\" value=\"1\" required=\"\"> Hozz\u00e1j\u00e1rulok, hogy r\u00e9szemre a D-A Pro Regio Kft. \u00e9s t\u00e1rsc\u00e9gei prom\u00f3ci\u00f3s tartalm\u00fa h\u00edrleveleket k\u00fcldjenek.\r\n  \t\t  <\/label>\r\n          <label>\r\n            <span class=\"asterisk\">*<\/span>\r\n   \t \t\t<input type=\"checkbox\" name=\"AGREE_TO_TERMS2\" value=\"1\" required=\"\">Az Adatv\u00e9delmi t\u00e1j\u00e9koztat\u00f3t elolvastam, meg\u00e9rtettem \u00e9s hozz\u00e1j\u00e1rulok ahhoz, hogy a megadott adataimat \u2013 hozz\u00e1j\u00e1rul\u00e1som visszavon\u00e1s\u00e1ig - a D-A Pro Regio Kft., mint Adatkezel\u0151 az adatkezel\u00e9si t\u00e1j\u00e9koztat\u00f3ban foglaltaknak megfelel\u0151en kezelje, r\u00e9szemre h\u00edrlevelet k\u00fcldj\u00f6n.\r\n          <\/label>\r\n<\/div>\r\n        <div id=\"mce-responses\" class=\"clear\">\r\n            <div class=\"response\" id=\"mce-error-response\" style=\"display: none;\"><\/div>\r\n            <div class=\"response\" id=\"mce-success-response\" style=\"display: none;\"><\/div>\r\n        <\/div><div aria-hidden=\"true\" style=\"position: absolute; left: -5000px;\"><input type=\"text\" name=\"b_a9995909b6acd21c03a259853_cab19a954c\" tabindex=\"-1\" value=\"\"><\/div><div class=\"clear\"><input type=\"submit\" name=\"subscribe\" id=\"mc-embedded-subscribe\" class=\"button\" value=\"Feliratkozom\"><\/div>\r\n   \r\n\r\n<\/div>\r\n<script type=\"text\/javascript\" src=\"\/\/s3.amazonaws.com\/downloads.mailchimp.com\/js\/mc-validate.js\"><\/script><script type=\"text\/javascript\">(function($) {window.fnames = new Array(); window.ftypes = new Array();fnames[0]='EMAIL';ftypes[0]='email';fnames[1]='FNAME';ftypes[1]='text';fnames[9]='MMERGE9';ftypes[9]='dropdown';fnames[2]='LNAME';ftypes[2]='text';fnames[4]='PHONE';ftypes[4]='phone';fnames[5]='BIRTHDAY';ftypes[5]='birthday';fnames[3]='ADDRESS';ftypes[3]='address';fnames[6]='MMERGE6';ftypes[6]='text';fnames[7]='MMERGE7';ftypes[7]='number';fnames[8]='MMERGE8';ftypes[8]='text';}(jQuery));var $mcj = jQuery.noConflict(true);<\/script><\/div>\r\n<\/div><label style=\"display: none !important;\">Ha \u00d6n ember, hagyja \u00fcresen ezt a mez\u0151t: <input type=\"text\" name=\"_mc4wp_honeypot\" value=\"\" tabindex=\"-1\" autocomplete=\"off\" \/><\/label><input type=\"hidden\" name=\"_mc4wp_timestamp\" value=\"1778780829\" \/><input type=\"hidden\" name=\"_mc4wp_form_id\" value=\"417\" \/><input type=\"hidden\" name=\"_mc4wp_form_element_id\" value=\"mc4wp-form-1\" \/><div class=\"mc4wp-response\"><\/div><\/form><!-- \/ Mailchimp for WordPress Plugin --><\/p>\n<\/div><\/div><\/div><\/div><\/div>","protected":false},"excerpt":{"rendered":"<p>Mesters\u00e9ges intelligencia a mindennapokban A Mesters\u00e9ges intelligencia a mindennapokban \u2013 gyakorlati k\u00e9pz\u00e9s\u00a0 A mesters\u00e9ges intelligencia nem a j\u00f6v\u0151, hanem a jelen \u2013 \u00e9s azok j\u00e1rnak&hellip;<\/p>\n","protected":false},"author":1,"featured_media":0,"parent":0,"menu_order":0,"comment_status":"closed","ping_status":"closed","template":"","meta":{"footnotes":""},"class_list":["post-1003","page","type-page","status-publish","hentry"],"_links":{"self":[{"href":"https:\/\/www.daregio.hu\/index.php\/wp-json\/wp\/v2\/pages\/1003"}],"collection":[{"href":"https:\/\/www.daregio.hu\/index.php\/wp-json\/wp\/v2\/pages"}],"about":[{"href":"https:\/\/www.daregio.hu\/index.php\/wp-json\/wp\/v2\/types\/page"}],"author":[{"embeddable":true,"href":"https:\/\/www.daregio.hu\/index.php\/wp-json\/wp\/v2\/users\/1"}],"replies":[{"embeddable":true,"href":"https:\/\/www.daregio.hu\/index.php\/wp-json\/wp\/v2\/comments?post=1003"}],"version-history":[{"count":14,"href":"https:\/\/www.daregio.hu\/index.php\/wp-json\/wp\/v2\/pages\/1003\/revisions"}],"predecessor-version":[{"id":1037,"href":"https:\/\/www.daregio.hu\/index.php\/wp-json\/wp\/v2\/pages\/1003\/revisions\/1037"}],"wp:attachment":[{"href":"https:\/\/www.daregio.hu\/index.php\/wp-json\/wp\/v2\/media?parent=1003"}],"curies":[{"name":"wp","href":"https:\/\/api.w.org\/{rel}","templated":true}]}}