{"id":953,"date":"2025-09-28T18:14:08","date_gmt":"2025-09-28T16:14:08","guid":{"rendered":"https:\/\/www.daregio.hu\/?page_id=953"},"modified":"2025-09-28T18:39:46","modified_gmt":"2025-09-28T16:39:46","slug":"elethosszig-tarto-tanulas","status":"publish","type":"page","link":"https:\/\/www.daregio.hu\/index.php\/elethosszig-tarto-tanulas\/","title":{"rendered":"\u00c9lethosszig tart\u00f3 tanul\u00e1s"},"content":{"rendered":"<div id=\"pl-953\"  class=\"panel-layout\" ><div id=\"pg-953-0\"  class=\"panel-grid panel-no-style\" ><div id=\"pgc-953-0-0\"  class=\"panel-grid-cell\" ><div id=\"panel-953-0-0-0\" class=\"so-panel widget widget_sow-image panel-first-child panel-last-child\" data-index=\"0\" ><div\n\t\t\t\n\t\t\tclass=\"so-widget-sow-image so-widget-sow-image-default-8b5b6f678277-953\"\n\t\t\t\n\t\t>\n\n<div class=\"sow-image-container\">\n\t\t<img decoding=\"async\" src=\"https:\/\/www.daregio.hu\/wp-content\/uploads\/2025\/09\/daregio.hu_-300x300.jpg\" width=\"300\" height=\"300\" srcset=\"https:\/\/www.daregio.hu\/wp-content\/uploads\/2025\/09\/daregio.hu_-300x300.jpg 300w, https:\/\/www.daregio.hu\/wp-content\/uploads\/2025\/09\/daregio.hu_-1024x1024.jpg 1024w, https:\/\/www.daregio.hu\/wp-content\/uploads\/2025\/09\/daregio.hu_-150x150.jpg 150w, https:\/\/www.daregio.hu\/wp-content\/uploads\/2025\/09\/daregio.hu_-768x768.jpg 768w, https:\/\/www.daregio.hu\/wp-content\/uploads\/2025\/09\/daregio.hu_-375x375.jpg 375w, https:\/\/www.daregio.hu\/wp-content\/uploads\/2025\/09\/daregio.hu_-216x216.jpg 216w, https:\/\/www.daregio.hu\/wp-content\/uploads\/2025\/09\/daregio.hu_.jpg 1200w\" sizes=\"(max-width: 300px) 100vw, 300px\" title=\"online k\u00e9pz\u00e9sek daregio\" alt=\"\" \t\tclass=\"so-widget-image\"\/>\n\t<\/div>\n\n<\/div><\/div><\/div><div id=\"pgc-953-0-1\"  class=\"panel-grid-cell\" ><div id=\"panel-953-0-1-0\" class=\"so-panel widget widget_sow-editor panel-first-child panel-last-child\" data-index=\"1\" ><div class=\"panel-widget-style panel-widget-style-for-953-0-1-0\" ><div\n\t\t\t\n\t\t\tclass=\"so-widget-sow-editor so-widget-sow-editor-base\"\n\t\t\t\n\t\t>\n<div class=\"siteorigin-widget-tinymce textwidget\">\n\t<h2 style=\"text-align: left;\"><strong>Az \u00e9lethosszig tart\u00f3 tanul\u00e1s az informatik\u00e1ban \u2013 mi\u00e9rt nem \u00e1llhatunk meg?<\/strong><\/h2>\n<\/div>\n<\/div><\/div><\/div><\/div><\/div><div id=\"pg-953-1\"  class=\"panel-grid panel-no-style\" ><div id=\"pgc-953-1-0\"  class=\"panel-grid-cell\" ><div id=\"panel-953-1-0-0\" class=\"so-panel widget widget_sow-editor panel-first-child panel-last-child\" data-index=\"2\" ><div\n\t\t\t\n\t\t\tclass=\"so-widget-sow-editor so-widget-sow-editor-base\"\n\t\t\t\n\t\t>\n<div class=\"siteorigin-widget-tinymce textwidget\">\n\t<p>Az informatika vil\u00e1ga hihetetlen\u00fcl gyorsan fejl\u0151dik. Ami ma \u00fajdons\u00e1g, az holnapra elavultt\u00e1 v\u00e1lhat, \u00e9s ami ma m\u00e9g csak kutat\u00e1s-fejleszt\u00e9s szintj\u00e9n van, az n\u00e9h\u00e1ny \u00e9ven bel\u00fcl ipar\u00e1gi sztenderdd\u00e9 n\u0151heti ki mag\u00e1t. \u00c9ppen ez\u00e9rt az informatikai szakemberek sz\u00e1m\u00e1ra az <strong>\u00e9lethosszig tart\u00f3 tanul\u00e1s<\/strong> nemcsak lehet\u0151s\u00e9g, hanem alapvet\u0151 sz\u00fcks\u00e9glet.<\/p>\n<p><strong>\u00daj technol\u00f3gi\u00e1k nap mint nap<\/strong><\/p>\n<p>Az elm\u00falt \u00e9vekben sorra jelentek meg olyan technol\u00f3gi\u00e1k, amelyek teljesen \u00e1talak\u00edtott\u00e1k a fejleszt\u00e9s vil\u00e1g\u00e1t. Gondoljunk csak a felh\u0151alap\u00fa megold\u00e1sokra. Aki ezekkel nem tart l\u00e9p\u00e9st, k\u00f6nnyen versenyh\u00e1tr\u00e1nyba ker\u00fclhet.<\/p>\n<p><strong>Keretrendszerek, amelyek dikt\u00e1lj\u00e1k a temp\u00f3t<\/strong><\/p>\n<p>A webfejleszt\u00e9sben k\u00fcl\u00f6n\u00f6sen l\u00e1tv\u00e1nyos a v\u00e1ltoz\u00e1s. \u00daj keretrendszerek \u00e9s k\u00f6nyvt\u00e1rak folyamatosan jelennek meg, \u00e9s r\u00f6vid id\u0151n bel\u00fcl ipar\u00e1gi elv\u00e1r\u00e1ss\u00e1 v\u00e1lnak. A Pythonhoz tartoz\u00f3 <strong>Django<\/strong> \u00e9s m\u00e1s modern keretrendszerek mind olyan eszk\u00f6z\u00f6k, amelyek ismerete ma m\u00e1r szinte elengedhetetlen, ha valaki versenyk\u00e9pes akar maradni a piacon.<\/p>\n<p><strong>Az AI forradalma<\/strong><\/p>\n<p>A mesters\u00e9ges intelligencia (AI) \u00e9s a g\u00e9pi tanul\u00e1s nemcsak \u00faj szakmai ter\u00fcleteket nyitott meg, hanem a hagyom\u00e1nyos fejleszt\u00e9st is \u00e1talak\u00edtotta. AI-alap\u00fa k\u00f3dgener\u00e1torok, automatiz\u00e1lt tesztel\u00e9si megold\u00e1sok \u00e9s adatvez\u00e9relt d\u00f6nt\u00e9st\u00e1mogat\u00f3 rendszerek ma m\u00e1r mindennaposak. Ez azt jelenti, hogy a fejleszt\u0151knek folyamatosan b\u0151v\u00edteni\u00fck kell a tud\u00e1sukat, hogy l\u00e9p\u00e9st tartsanak az \u00faj lehet\u0151s\u00e9gekkel \u2013 \u00e9s meg\u00e9rts\u00e9k a hozz\u00e1juk kapcsol\u00f3d\u00f3 kih\u00edv\u00e1sokat is.<\/p>\n<p><strong>Mi\u00e9rt fontos a folyamatos tanul\u00e1s?<\/strong><\/p>\n<ul>\n<li><strong>Versenyk\u00e9pess\u00e9g meg\u0151rz\u00e9se<\/strong>: a munkaer\u0151piacon mindig az marad \u00e9rt\u00e9kes, aki naprak\u00e9sz tud\u00e1ssal rendelkezik.<\/li>\n<li><strong>\u00daj karrierutak<\/strong>: egy-egy \u00faj technol\u00f3gia elsaj\u00e1t\u00edt\u00e1sa teljesen \u00faj \u00e1ll\u00e1slehet\u0151s\u00e9geket nyithat meg.<\/li>\n<li><strong>Szem\u00e9lyes fejl\u0151d\u00e9s<\/strong>: a tanul\u00e1s seg\u00edt kreat\u00edvnak, motiv\u00e1ltnak \u00e9s rugalmasnak maradni.<\/li>\n<\/ul>\n<p><strong>Hogyan seg\u00edt ebben az online oktat\u00e1s?<\/strong><\/p>\n<p>A <strong>D-A Pro Regio Kft. <\/strong>\u00e1ltal k\u00edn\u00e1lt <strong>online informatikai k\u00e9pz\u00e9sek<\/strong> \u00e9ppen azt a rugalmass\u00e1got adj\u00e1k meg, amelyre a szakembereknek sz\u00fcks\u00e9g\u00fck van.<\/p>\n<ul>\n<li>B\u00e1rmikor, b\u00e1rhonnan el\u00e9rhet\u0151k.<\/li>\n<li>Heti egy alkalommal interakt\u00edv \u00f3r\u00e1k biztos\u00edtj\u00e1k a folyamatos fejl\u0151d\u00e9st.<\/li>\n<li>A k\u00e9pz\u00e9sek sor\u00e1n val\u00f3s projekteken dolgozhatsz, \u00edgy nemcsak elm\u00e9leti, hanem gyakorlati tud\u00e1sra is szert teszel.<\/li>\n<\/ul>\n<p><strong>\u00d6sszegz\u00e9s<\/strong><\/p>\n<p>Az informatik\u00e1ban nem lehet \u201emeg\u00e1llni\u201d. Aki ma nem k\u00e9pezi mag\u00e1t, az holnapra k\u00f6nnyen lemarad. Az \u00e9lethosszig tart\u00f3 tanul\u00e1s nem csup\u00e1n elv\u00e1r\u00e1s, hanem a szakmai siker \u00e9s a karrierbiztons\u00e1g kulcsa.<\/p>\n<p>Ha te is naprak\u00e9sz tud\u00e1st szeretn\u00e9l szerezni, n\u00e9zd meg a <strong>D-A Pro Regio Kft. <\/strong>online k\u00e9pz\u00e9seit, \u00e9s tegy\u00e9l egy l\u00e9p\u00e9st a j\u00f6v\u0151d fel\u00e9!<\/p>\n<\/div>\n<\/div><\/div><\/div><\/div><div id=\"pg-953-2\"  class=\"panel-grid panel-no-style\" ><div id=\"pgc-953-2-0\"  class=\"panel-grid-cell\" ><div id=\"panel-953-2-0-0\" class=\"so-panel widget widget_sow-button panel-first-child panel-last-child\" data-index=\"3\" ><div\n\t\t\t\n\t\t\tclass=\"so-widget-sow-button so-widget-sow-button-flat-e15b8c79b214-953\"\n\t\t\t\n\t\t><div class=\"ow-button-base ow-button-align-center\">\n\t\t\t<a\n\t\t\t\t\thref=\"https:\/\/www.daregio.hu\/index.php\/online-infomatikai-kepzesek-d-a-pro-regio-2\/\"\n\t\t\t\t\tclass=\"sowb-button ow-icon-placement-left ow-button-hover\" \t>\n\t\t<span>\n\t\t\t\n\t\t\tNe v\u00e1rj tov\u00e1bb, jelentkezz m\u00e9g ma!\t\t<\/span>\n\t\t\t<\/a>\n\t<\/div>\n<\/div><\/div><\/div><\/div><\/div>","protected":false},"excerpt":{"rendered":"<p>Az \u00e9lethosszig tart\u00f3 tanul\u00e1s az informatik\u00e1ban \u2013 mi\u00e9rt nem \u00e1llhatunk meg? Az informatika vil\u00e1ga hihetetlen\u00fcl gyorsan fejl\u0151dik. Ami ma \u00fajdons\u00e1g, az holnapra elavultt\u00e1 v\u00e1lhat, \u00e9s&hellip;<\/p>\n","protected":false},"author":1,"featured_media":0,"parent":0,"menu_order":0,"comment_status":"closed","ping_status":"closed","template":"","meta":{"footnotes":""},"class_list":["post-953","page","type-page","status-publish","hentry"],"_links":{"self":[{"href":"https:\/\/www.daregio.hu\/index.php\/wp-json\/wp\/v2\/pages\/953"}],"collection":[{"href":"https:\/\/www.daregio.hu\/index.php\/wp-json\/wp\/v2\/pages"}],"about":[{"href":"https:\/\/www.daregio.hu\/index.php\/wp-json\/wp\/v2\/types\/page"}],"author":[{"embeddable":true,"href":"https:\/\/www.daregio.hu\/index.php\/wp-json\/wp\/v2\/users\/1"}],"replies":[{"embeddable":true,"href":"https:\/\/www.daregio.hu\/index.php\/wp-json\/wp\/v2\/comments?post=953"}],"version-history":[{"count":11,"href":"https:\/\/www.daregio.hu\/index.php\/wp-json\/wp\/v2\/pages\/953\/revisions"}],"predecessor-version":[{"id":955,"href":"https:\/\/www.daregio.hu\/index.php\/wp-json\/wp\/v2\/pages\/953\/revisions\/955"}],"wp:attachment":[{"href":"https:\/\/www.daregio.hu\/index.php\/wp-json\/wp\/v2\/media?parent=953"}],"curies":[{"name":"wp","href":"https:\/\/api.w.org\/{rel}","templated":true}]}}