{"id":98,"date":"2024-07-24T12:51:36","date_gmt":"2024-07-24T10:51:36","guid":{"rendered":"https:\/\/www.daregio.hu\/?page_id=98"},"modified":"2024-11-18T09:25:00","modified_gmt":"2024-11-18T08:25:00","slug":"kapcsolat","status":"publish","type":"page","link":"https:\/\/www.daregio.hu\/index.php\/kapcsolat\/","title":{"rendered":"Kapcsolat"},"content":{"rendered":"<div id=\"pl-98\"  class=\"panel-layout\" ><div id=\"pg-98-0\"  class=\"panel-grid panel-no-style\" ><div id=\"pgc-98-0-0\"  class=\"panel-grid-cell\" ><div id=\"panel-98-0-0-0\" class=\"so-panel widget widget_black-studio-tinymce widget_black_studio_tinymce panel-first-child panel-last-child\" data-index=\"0\" ><div class=\"panel-widget-style panel-widget-style-for-98-0-0-0\" ><div class=\"textwidget\"><p class=\"elementor-heading-title elementor-size-default\" style=\"text-align: center;\"><span style=\"font-size: 24pt;\">D-A Pro Regio Kft.<\/span><\/p>\n<\/div><\/div><\/div><\/div><\/div><div id=\"pg-98-1\"  class=\"panel-grid panel-no-style\" ><div id=\"pgc-98-1-0\"  class=\"panel-grid-cell\" ><div id=\"panel-98-1-0-0\" class=\"so-panel widget widget_sow-image panel-first-child panel-last-child\" data-index=\"1\" ><div\n\t\t\t\n\t\t\tclass=\"so-widget-sow-image so-widget-sow-image-default-8b5b6f678277-98\"\n\t\t\t\n\t\t>\n\n<div class=\"sow-image-container\">\n\t\t<img decoding=\"async\" src=\"https:\/\/www.daregio.hu\/wp-content\/uploads\/2024\/07\/social-media-4698431_1280-1024x682.jpg\" width=\"843\" height=\"561\" srcset=\"https:\/\/www.daregio.hu\/wp-content\/uploads\/2024\/07\/social-media-4698431_1280-1024x682.jpg 1024w, https:\/\/www.daregio.hu\/wp-content\/uploads\/2024\/07\/social-media-4698431_1280-300x200.jpg 300w, https:\/\/www.daregio.hu\/wp-content\/uploads\/2024\/07\/social-media-4698431_1280-768x512.jpg 768w, https:\/\/www.daregio.hu\/wp-content\/uploads\/2024\/07\/social-media-4698431_1280-272x182.jpg 272w, https:\/\/www.daregio.hu\/wp-content\/uploads\/2024\/07\/social-media-4698431_1280.jpg 1280w\" sizes=\"(max-width: 843px) 100vw, 843px\" title=\"online, D-A Pro Regio Kft., webdesign, webprogramoz\u00e1s, irodai alkalmaz\u00e1sok, , androidos telefonos alkalmaz\u00e1s, mobil app k\u00e9sz\u00edt\u00e9s, sz\u00f6vegszerkeszt\u00e9s, t\u00e1bl\u00e1zatkezel\u00e9s, adatb\u00e1ziskezel\u00e9s, exel, acess, \" alt=\"\" \t\tclass=\"so-widget-image\"\/>\n\t<\/div>\n\n<\/div><\/div><\/div><div id=\"pgc-98-1-1\"  class=\"panel-grid-cell\" ><div id=\"panel-98-1-1-0\" class=\"so-panel widget widget_black-studio-tinymce widget_black_studio_tinymce panel-first-child panel-last-child\" data-index=\"2\" ><div class=\"panel-widget-style panel-widget-style-for-98-1-1-0\" ><div class=\"textwidget\"><p><b>C\u00edm:<\/b> 6726 Szeged, Szent-Gy\u00f6rgyi Albert u. 23. tet\u0151t\u00e9r 1.<\/p>\n<p><b>Telefon:<\/b> <a href=\"tel:+36705037973\" target=\"_blank\" rel=\"noopener\">+36 705037973<\/a> \u00a0\u00a0H \u2013 P | 09:00 \u2013 13:00<br \/>\n<b>E-mail:<\/b> <a href=\"mailto:admin@daregio.hu\" target=\"_blank\" rel=\"noopener\">admin@daregio.hu<\/a><i><br \/>\n<\/i><b>Szem\u00e9lyes nyitvatart\u00e1s: <\/b>6721 Szeged, K\u00e1lm\u00e1ny Lajos u. 14.<br \/>\nH \u2013 P | 09:00 \u2013 13:00<\/p>\n<p><b>C\u00e9gb\u00edr\u00f3s\u00e1gi bejegyz\u00e9si sz\u00e1m:<\/b> 06-09-025372<br \/>\n<b>Ad\u00f3sz\u00e1m:<\/b>\u00a0<span id=\":8y.co\" class=\"tL8wMe EMoHub\" dir=\"ltr\">26777645-1-06<\/span><span id=\":8y.co\" class=\"tL8wMe EMoHub\" dir=\"ltr\"><br \/>\n<\/span><b><span id=\":4p.co\" class=\"tL8wMe EMoHub\" dir=\"ltr\">Feln\u0151ttk\u00e9pz\u0151k nyilv\u00e1ntart\u00e1sba v\u00e9teli sz\u00e1ma: <\/span><\/b><span id=\":3z.co\" class=\"tL8wMe EMoHub\" dir=\"ltr\">B\/2020\/000257<\/span><\/p>\n<p><b>Banksz\u00e1mlasz\u00e1m<\/b>: <span id=\":8y.co\" class=\"tL8wMe EMoHub\" dir=\"ltr\">Oberbank AG Magyarorsz\u00e1gi Fi\u00f3ktelep 18400010-10000515-10329595<\/span><i><br \/>\n<\/i><\/p>\n<\/div><\/div><\/div><\/div><\/div><div id=\"pg-98-2\"  class=\"panel-grid panel-no-style\" ><div id=\"pgc-98-2-0\"  class=\"panel-grid-cell\" ><div id=\"panel-98-2-0-0\" class=\"so-panel widget widget_black-studio-tinymce widget_black_studio_tinymce panel-first-child panel-last-child\" data-index=\"3\" ><div class=\"textwidget\"><p><iframe src=\"https:\/\/www.google.com\/maps\/embed?pb=!1m18!1m12!1m3!1d2758.606384184652!2d20.156260757314314!3d46.258052285557!2m3!1f0!2f0!3f0!3m2!1i1024!2i768!4f13.1!3m3!1m2!1s0x47448813af5b6b6d%3A0xb06e56a28c5ca145!2sSzeged%2C%20K%C3%A1lm%C3%A1ny%20Lajos%20u.%2014%2C%206721!5e0!3m2!1shu!2shu!4v1721823082248!5m2!1shu!2shu\" width=\"100%\" height=\"450\" style=\"border:0;\" allowfullscreen=\"\" loading=\"lazy\" referrerpolicy=\"no-referrer-when-downgrade\"><\/iframe><\/p>\n<\/div><\/div><\/div><\/div><div id=\"pg-98-3\"  class=\"panel-grid panel-no-style\" ><div id=\"pgc-98-3-0\"  class=\"panel-grid-cell\" ><div id=\"panel-98-3-0-0\" class=\"so-panel widget widget_black-studio-tinymce widget_black_studio_tinymce panel-first-child panel-last-child\" data-index=\"4\" ><div class=\"textwidget\"><p><span style=\"color: #000080;\"><strong><span style=\"font-size: 14pt;\">K\u00e9rd\u00e9sed van? \u00cdrj nek\u00fcnk!<\/span><\/strong><\/span><\/p>\n<p><script>(function() {\n\twindow.mc4wp = window.mc4wp || {\n\t\tlisteners: [],\n\t\tforms: {\n\t\t\ton: function(evt, cb) {\n\t\t\t\twindow.mc4wp.listeners.push(\n\t\t\t\t\t{\n\t\t\t\t\t\tevent   : evt,\n\t\t\t\t\t\tcallback: cb\n\t\t\t\t\t}\n\t\t\t\t);\n\t\t\t}\n\t\t}\n\t}\n})();\n<\/script><!-- Mailchimp for WordPress v4.9.14 - https:\/\/wordpress.org\/plugins\/mailchimp-for-wp\/ --><form id=\"mc4wp-form-1\" class=\"mc4wp-form mc4wp-form-417 mc4wp-form-basic\" method=\"post\" data-id=\"417\" data-name=\"Mailchimpes feliratkoz\u00f3s \u0171rlap\" ><div class=\"mc4wp-form-fields\"> <div id=\"mc_embed_shell\">\r\n     <link href=\"\/\/cdn-images.mailchimp.com\/embedcode\/classic-061523.css\" rel=\"stylesheet\" type=\"text\/css\">\r\n  <style type=\"text\/css\">\r\n        #mc_embed_signup{false;clear:left; font:14px Helvetica,Arial,sans-serif; width: 600px;}\r\n        \/* Add your own Mailchimp form style overrides in your site stylesheet or in this style block.\r\n        We recommend moving this block and the preceding CSS link to the HEAD of your HTML file. *\/\r\n<\/style> \r\n<div id=\"mc_embed_signup\">\r\n    \r\n        <div id=\"mc_embed_signup_scroll\"><h2>Tudj meg t\u00f6bbet<\/h2>\r\n            <div class=\"indicates-required\"><span class=\"asterisk\">*<\/span> k\u00f6telez\u0151 mez\u0151<\/div>\r\n            <div class=\"mc-field-group\"><label for=\"mce-EMAIL\">E-mail:<span class=\"asterisk\">*<\/span><\/label><input type=\"email\" name=\"EMAIL\" class=\"required email\" id=\"mce-EMAIL\" required=\"\" value=\"\"><\/div><div class=\"mc-field-group\"><label for=\"mce-FNAME\">Keresztn\u00e9v: <span class=\"asterisk\">*<\/span><\/label><input type=\"text\" name=\"FNAME\" class=\"required text\" id=\"mce-FNAME\" required=\"\" value=\"\"><\/div><div class=\"mc-field-group\"><label for=\"mce-MMERGE9\">\u00c9rdekl\u0151d\u00e9s <span class=\"asterisk\">*<\/span><\/label><select name=\"MMERGE9\" class=\"required\" id=\"mce-MMERGE9\"><option value=\"\"><\/option><option value=\"Digit\u00e1lis kult\u00fara - \u00c9retts\u00e9gi felk\u00e9sz\u00edt\u00e9s\">Digit\u00e1lis kult\u00fara - \u00c9retts\u00e9gi felk\u00e9sz\u00edt\u00e9s<\/option><option value=\"Webdesigner k\u00e9pz\u00e9s\">Webdesigner k\u00e9pz\u00e9s<\/option><option value=\"Wordpress k\u00e9pz\u00e9s\">WordPress k\u00e9pz\u00e9s<\/option><option value=\"Office magic - favorit 2 k\u00e9pz\u00e9s\">Office magic - favorit 2 k\u00e9pz\u00e9s<\/option><option value=\"PHP k\u00e9pz\u00e9s\">PHP k\u00e9pz\u00e9s<\/option><option value=\"\u00c1ltal\u00e1nos \u00e9rdekl\u0151d\u00e9s\">\u00c1ltal\u00e1nos \u00e9rdekl\u0151d\u00e9s<\/option><\/select><\/div><div class=\"mc-field-group\"><label for=\"mce-LNAME\">Vezet\u00e9kn\u00e9v: <\/label><input type=\"text\" name=\"LNAME\" class=\" text\" id=\"mce-LNAME\" value=\"\"><\/div><div class=\"mc-field-group\"><label for=\"mce-PHONE\">Telefonsz\u00e1m: <\/label><input type=\"text\" name=\"PHONE\" class=\"REQ_CSS\" id=\"mce-PHONE\" value=\"\"><\/div>\r\n          <div class=\"mc-field-group\"><label for=\"mce-BIRTHDAY-month\">Sz\u00fclet\u00e9snap: <\/label>\r\n          <div class=\"datefield\"><span class=\"subfield monthfield\"><input class=\"birthday REQ_CSS\" type=\"text\" pattern=\"[0-9]*\" placeholder=\"HH\" size=\"2\" maxlength=\"2\" name=\"BIRTHDAY[month]\" id=\"mce-BIRTHDAY-month\" value=\"\"><\/span> \/<span class=\"subfield dayfield\"><input class=\"birthday REQ_CSS\" type=\"text\" pattern=\"[0-9]*\" placeholder=\"NN\" size=\"2\" maxlength=\"2\" name=\"BIRTHDAY[day]\" id=\"mce-BIRTHDAY-day\" value=\"\"><\/span>\r\n          \t<span class=\"small-meta nowrap\">( h\u00f3nap \/ nap )<\/span><\/div><\/div>\r\n<div hidden=\"\"><input type=\"hidden\" name=\"tags\" value=\"13395\"><\/div> \r\n\r\n <\/div>\r\n  <div>\r\n  \t\t  <label>\r\n  \t\t\t<span class=\"asterisk\">*<\/span>\r\n  \t\t\t<input type=\"checkbox\" name=\"AGREE_TO_TERMS\" value=\"1\" required=\"\"> Hozz\u00e1j\u00e1rulok, hogy r\u00e9szemre a D-A Pro Regio Kft. \u00e9s t\u00e1rsc\u00e9gei prom\u00f3ci\u00f3s tartalm\u00fa h\u00edrleveleket k\u00fcldjenek.\r\n  \t\t  <\/label>\r\n          <label>\r\n            <span class=\"asterisk\">*<\/span>\r\n   \t \t\t<input type=\"checkbox\" name=\"AGREE_TO_TERMS2\" value=\"1\" required=\"\">Az Adatv\u00e9delmi t\u00e1j\u00e9koztat\u00f3t elolvastam, meg\u00e9rtettem \u00e9s hozz\u00e1j\u00e1rulok ahhoz, hogy a megadott adataimat \u2013 hozz\u00e1j\u00e1rul\u00e1som visszavon\u00e1s\u00e1ig - a D-A Pro Regio Kft., mint Adatkezel\u0151 az adatkezel\u00e9si t\u00e1j\u00e9koztat\u00f3ban foglaltaknak megfelel\u0151en kezelje, r\u00e9szemre h\u00edrlevelet k\u00fcldj\u00f6n.\r\n          <\/label>\r\n<\/div>\r\n        <div id=\"mce-responses\" class=\"clear\">\r\n            <div class=\"response\" id=\"mce-error-response\" style=\"display: none;\"><\/div>\r\n            <div class=\"response\" id=\"mce-success-response\" style=\"display: none;\"><\/div>\r\n        <\/div><div aria-hidden=\"true\" style=\"position: absolute; left: -5000px;\"><input type=\"text\" name=\"b_a9995909b6acd21c03a259853_cab19a954c\" tabindex=\"-1\" value=\"\"><\/div><div class=\"clear\"><input type=\"submit\" name=\"subscribe\" id=\"mc-embedded-subscribe\" class=\"button\" value=\"Feliratkozom\"><\/div>\r\n   \r\n\r\n<\/div>\r\n<script type=\"text\/javascript\" src=\"\/\/s3.amazonaws.com\/downloads.mailchimp.com\/js\/mc-validate.js\"><\/script><script type=\"text\/javascript\">(function($) {window.fnames = new Array(); window.ftypes = new Array();fnames[0]='EMAIL';ftypes[0]='email';fnames[1]='FNAME';ftypes[1]='text';fnames[9]='MMERGE9';ftypes[9]='dropdown';fnames[2]='LNAME';ftypes[2]='text';fnames[4]='PHONE';ftypes[4]='phone';fnames[5]='BIRTHDAY';ftypes[5]='birthday';fnames[3]='ADDRESS';ftypes[3]='address';fnames[6]='MMERGE6';ftypes[6]='text';fnames[7]='MMERGE7';ftypes[7]='number';fnames[8]='MMERGE8';ftypes[8]='text';}(jQuery));var $mcj = jQuery.noConflict(true);<\/script><\/div>\r\n<\/div><label style=\"display: none !important;\">Ha \u00d6n ember, hagyja \u00fcresen ezt a mez\u0151t: <input type=\"text\" name=\"_mc4wp_honeypot\" value=\"\" tabindex=\"-1\" autocomplete=\"off\" \/><\/label><input type=\"hidden\" name=\"_mc4wp_timestamp\" value=\"1778776689\" \/><input type=\"hidden\" name=\"_mc4wp_form_id\" value=\"417\" \/><input type=\"hidden\" name=\"_mc4wp_form_element_id\" value=\"mc4wp-form-1\" \/><div class=\"mc4wp-response\"><\/div><\/form><!-- \/ Mailchimp for WordPress Plugin --><\/p>\n<\/div><\/div><\/div><div id=\"pgc-98-3-1\"  class=\"panel-grid-cell\" ><div id=\"panel-98-3-1-0\" class=\"so-panel widget widget_facebook_page_plugin_widget panel-first-child panel-last-child\" data-index=\"5\" ><div class=\"cameronjonesweb_facebook_page_plugin\" data-version=\"1.9.1\" data-implementation=\"widget\" id=\"owAl8ZA9JUTTGD0\" data-method=\"sdk\"><div id=\"fb-root\"><\/div><script async defer crossorigin=\"anonymous\" src=\"https:\/\/connect.facebook.net\/hu\/sdk.js#xfbml=1&version=v17.0\"><\/script><div class=\"fb-page\" data-href=\"https:\/\/facebook.com\/profile.php?id=61561893568597\"  data-width=\"700\" data-max-width=\"700\" data-height=\"700\" data-hide-cover=\"false\" data-show-facepile=\"true\" data-tabs=\"timeline,timeline\" data-hide-cta=\"false\" data-small-header=\"false\" data-adapt-container-width=\"true\"><div class=\"fb-xfbml-parse-ignore\"><blockquote cite=\"https:\/\/www.facebook.com\/profile.php?id=61561893568597\"><a href=\"https:\/\/www.facebook.com\/profile.php?id=61561893568597\">https:\/\/www.facebook.com\/profile.php?id=61561893568597<\/a><\/blockquote><\/div><\/div><\/div><\/div><\/div><\/div><\/div>","protected":false},"excerpt":{"rendered":"<p>D-A Pro Regio Kft. C\u00edm: 6726 Szeged, Szent-Gy\u00f6rgyi Albert u. 23. tet\u0151t\u00e9r 1. Telefon: +36 705037973 \u00a0\u00a0H \u2013 P | 09:00 \u2013 13:00 E-mail: admin@daregio.hu&hellip;<\/p>\n","protected":false},"author":1,"featured_media":0,"parent":0,"menu_order":0,"comment_status":"closed","ping_status":"closed","template":"","meta":{"footnotes":""},"class_list":["post-98","page","type-page","status-publish","hentry"],"_links":{"self":[{"href":"https:\/\/www.daregio.hu\/index.php\/wp-json\/wp\/v2\/pages\/98"}],"collection":[{"href":"https:\/\/www.daregio.hu\/index.php\/wp-json\/wp\/v2\/pages"}],"about":[{"href":"https:\/\/www.daregio.hu\/index.php\/wp-json\/wp\/v2\/types\/page"}],"author":[{"embeddable":true,"href":"https:\/\/www.daregio.hu\/index.php\/wp-json\/wp\/v2\/users\/1"}],"replies":[{"embeddable":true,"href":"https:\/\/www.daregio.hu\/index.php\/wp-json\/wp\/v2\/comments?post=98"}],"version-history":[{"count":22,"href":"https:\/\/www.daregio.hu\/index.php\/wp-json\/wp\/v2\/pages\/98\/revisions"}],"predecessor-version":[{"id":113,"href":"https:\/\/www.daregio.hu\/index.php\/wp-json\/wp\/v2\/pages\/98\/revisions\/113"}],"wp:attachment":[{"href":"https:\/\/www.daregio.hu\/index.php\/wp-json\/wp\/v2\/media?parent=98"}],"curies":[{"name":"wp","href":"https:\/\/api.w.org\/{rel}","templated":true}]}}