{"id":990,"date":"2025-10-15T14:20:07","date_gmt":"2025-10-15T12:20:07","guid":{"rendered":"https:\/\/www.daregio.hu\/?page_id=990"},"modified":"2025-10-15T14:26:24","modified_gmt":"2025-10-15T12:26:24","slug":"karrier","status":"publish","type":"page","link":"https:\/\/www.daregio.hu\/index.php\/karrier\/","title":{"rendered":"Karrier"},"content":{"rendered":"<div id=\"pl-990\"  class=\"panel-layout\" ><div id=\"pg-990-0\"  class=\"panel-grid panel-no-style\" ><div id=\"pgc-990-0-0\"  class=\"panel-grid-cell\" ><div id=\"panel-990-0-0-0\" class=\"so-panel widget widget_sow-image panel-first-child panel-last-child\" data-index=\"0\" ><div\n\t\t\t\n\t\t\tclass=\"so-widget-sow-image so-widget-sow-image-default-8b5b6f678277-990\"\n\t\t\t\n\t\t>\n\n<div class=\"sow-image-container\">\n\t\t<img decoding=\"async\" src=\"https:\/\/www.daregio.hu\/wp-content\/uploads\/2025\/10\/Nevtelen-terv-8.jpg\" width=\"1024\" height=\"1024\" srcset=\"https:\/\/www.daregio.hu\/wp-content\/uploads\/2025\/10\/Nevtelen-terv-8.jpg 1024w, https:\/\/www.daregio.hu\/wp-content\/uploads\/2025\/10\/Nevtelen-terv-8-300x300.jpg 300w, https:\/\/www.daregio.hu\/wp-content\/uploads\/2025\/10\/Nevtelen-terv-8-150x150.jpg 150w, https:\/\/www.daregio.hu\/wp-content\/uploads\/2025\/10\/Nevtelen-terv-8-768x768.jpg 768w, https:\/\/www.daregio.hu\/wp-content\/uploads\/2025\/10\/Nevtelen-terv-8-375x375.jpg 375w, https:\/\/www.daregio.hu\/wp-content\/uploads\/2025\/10\/Nevtelen-terv-8-216x216.jpg 216w\" sizes=\"(max-width: 1024px) 100vw, 1024px\" title=\"N\u00e9vtelen terv (8)\" alt=\"online oktat\u00e1s\" \t\tclass=\"so-widget-image\"\/>\n\t<\/div>\n\n<\/div><\/div><\/div><div id=\"pgc-990-0-1\"  class=\"panel-grid-cell\" ><div id=\"panel-990-0-1-0\" class=\"so-panel widget widget_sow-editor panel-first-child panel-last-child\" data-index=\"1\" ><div class=\"panel-widget-style panel-widget-style-for-990-0-1-0\" ><div\n\t\t\t\n\t\t\tclass=\"so-widget-sow-editor so-widget-sow-editor-base\"\n\t\t\t\n\t\t>\n<div class=\"siteorigin-widget-tinymce textwidget\">\n\t<h3><strong>Karrierv\u00e1lt\u00e1s 30 felett \u2013 hogyan seg\u00edthet az online informatikai k\u00e9pz\u00e9s?<\/strong><\/h3>\n<p>&nbsp;<\/p>\n<\/div>\n<\/div><\/div><\/div><\/div><\/div><div id=\"pg-990-1\"  class=\"panel-grid panel-no-style\" ><div id=\"pgc-990-1-0\"  class=\"panel-grid-cell\" ><div id=\"panel-990-1-0-0\" class=\"so-panel widget widget_sow-editor panel-first-child panel-last-child\" data-index=\"2\" ><div\n\t\t\t\n\t\t\tclass=\"so-widget-sow-editor so-widget-sow-editor-base\"\n\t\t\t\n\t\t>\n<div class=\"siteorigin-widget-tinymce textwidget\">\n\t<p>Egyre t\u00f6bben \u00e9rzik \u00fagy, hogy 30 \u00e9ves kor ut\u00e1n elj\u00f6tt az id\u0151 a v\u00e1lt\u00e1sra.<br \/>\nA munkaer\u0151piac folyamatosan v\u00e1ltozik, \u00faj szakm\u00e1k sz\u00fcletnek, \u00e9s a digit\u00e1lis vil\u00e1g rengeteg lehet\u0151s\u00e9get k\u00edn\u00e1l azoknak, akik k\u00e9szek tanulni \u00e9s fejl\u0151dni.<br \/>\nDe vajon nem k\u00e9s\u0151 m\u00e1r 30 felett \u00faj karrierbe kezdeni?<br \/>\nA v\u00e1lasz: egy\u00e1ltal\u00e1n nem!<br \/>\nAz informatikai p\u00e1lya ma az egyik legnyitottabb, legdinamikusabb \u00e9s legjobban keresett ter\u00fclet.<\/p>\n<p><strong>Mi\u00e9rt ide\u00e1lis az informatika a karrierv\u00e1lt\u00f3k sz\u00e1m\u00e1ra?<\/strong><\/p>\n<p>Az IT-szektorban a sikerhez ma m\u00e1r nem sz\u00fcks\u00e9ges m\u00e9rn\u00f6ki diploma \u2013 el\u00e9g egy \u00e1tgondolt, gyakorlatk\u00f6zpont\u00fa k\u00e9pz\u00e9s, amely a val\u00f3di piaci ig\u00e9nyekre \u00e9p\u00fcl.<br \/>\nA D-A Pro Regio Kft. online oktat\u00e1si programjai pontosan erre a szeml\u00e9letre \u00e9p\u00fclnek.<\/p>\n<p><strong>K\u00edn\u00e1latukban t\u00f6bb ir\u00e1ny k\u00f6z\u00fcl is v\u00e1laszthatsz:<\/strong><\/p>\n<ul>\n<li>\u00a0Python \u00e9s Django \u2013 modern programoz\u00e1si ismeretek \u00e9s webfejleszt\u00e9s alapokt\u00f3l halad\u00f3 szintig<\/li>\n<li>PHP \u00e9s WordPress \u2013 weboldal\u00e9p\u00edt\u00e9s, CMS haszn\u00e1lat, gyakorlati webdesign megold\u00e1sok<\/li>\n<li>Webdesigner k\u00e9pz\u00e9s \u2013 ahol kreativit\u00e1s tal\u00e1lkozik a technol\u00f3gi\u00e1val: grafikai tervez\u00e9s, UX\/UI alapok, vizu\u00e1lis kommunik\u00e1ci\u00f3<\/li>\n<\/ul>\n<p>Mindez teljesen online, heti 1 alkalmas rendszerben, mentori t\u00e1mogat\u00e1ssal, \u00edgy munk\u00e1val \u00e9s csal\u00e1ddal is k\u00f6nnyen \u00f6sszeegyeztethet\u0151.<\/p>\n<p><strong>\u00a0Mi\u00e9rt \u00e9pp most \u00e9rdemes belev\u00e1gni?<\/strong><\/p>\n<p>Az elm\u00falt \u00e9vekben az online jelenl\u00e9t \u00e9s a digit\u00e1lis szolg\u00e1ltat\u00e1sok szerepe robban\u00e1sszer\u0171en megn\u0151tt.<br \/>\nA webfejleszt\u0151k, designerek \u00e9s digit\u00e1lis szakemberek ir\u00e1nti kereslet folyamatosan n\u0151 \u2013 \u00e9s nem csak nagyv\u00e1llalatokn\u00e1l, hanem kisebb c\u00e9gekn\u00e9l, \u00fcgyn\u00f6ks\u00e9gekn\u00e9l \u00e9s egy\u00e9ni v\u00e1llalkoz\u00e1sokn\u00e1l is.<\/p>\n<p>R\u00e1ad\u00e1sul az online tanul\u00e1s ma m\u00e1r nem kompromisszum, hanem el\u0151ny:<\/p>\n<ul>\n<li>Saj\u00e1t temp\u00f3ban tanulhatsz<\/li>\n<li>K\u00e9nyelmesen, otthonr\u00f3l<\/li>\n<li>Gyakorlati projektek ment\u00e9n fejl\u0151dhetsz<\/li>\n<li>Azonnal haszn\u00e1lhat\u00f3 tud\u00e1st kapsz<\/li>\n<\/ul>\n<p><strong>Karrierv\u00e1lt\u00e1s f\u00e9lelem n\u00e9lk\u00fcl<\/strong><\/p>\n<p>Sokan tartanak t\u0151le, hogy \u201e\u00e9n nem vagyok technikai be\u00e1ll\u00edtotts\u00e1g\u00fa\u201d \u2013 de ez csak egy t\u00e9vhit.<br \/>\nA programoz\u00e1s, webdesign \u00e9s webfejleszt\u00e9s tanulhat\u00f3, l\u00e9p\u00e9sr\u0151l l\u00e9p\u00e9sre haladva.<br \/>\nA D-A Pro Regio Kft. oktat\u00f3i seg\u00edtenek meg\u00e9rteni az alapokat, \u00e9s a gyakorlatban mutatj\u00e1k meg, hogyan tudsz val\u00f3di projekteket l\u00e9trehozni.<\/p>\n<p>Hallgat\u00f3ik k\u00f6z\u00f6tt sz\u00e1mos olyan karrierv\u00e1lt\u00f3 van, aki pedag\u00f3gusk\u00e9nt, \u00e9rt\u00e9kes\u00edt\u0151k\u00e9nt vagy ak\u00e1r adminisztrat\u00edv munkak\u00f6rb\u0151l \u00e9rkezett \u2013 ma pedig saj\u00e1t weboldalakat \u00e9p\u00edt vagy fejleszt\u0151k\u00e9nt dolgozik.<\/p>\n<p><strong>\u00a0Az \u00fajrakezd\u00e9s kulcsa: tanul\u00e1s<\/strong><\/p>\n<p>A digit\u00e1lis kor nemcsak a fiatalok\u00e9 \u2013 hanem mindazok\u00e9, akik hajland\u00f3k tanulni \u00e9s fejl\u0151dni.<br \/>\nHa benned is ott a v\u00e1gy a v\u00e1lt\u00e1sra, a D-A Pro Regio Kft. online informatikai k\u00e9pz\u00e9sei seg\u00edtenek megtal\u00e1lni az utadat.<br \/>\nN\u00e9h\u00e1ny h\u00f3nap alatt gyakorlati tud\u00e1st szerezhetsz, amivel \u00faj szakm\u00e1t, \u00faj j\u00f6v\u0151t \u00e9p\u00edthetsz.<\/p>\n<p>Fedezd fel a D-A Pro Regio Kft. online k\u00e9pz\u00e9seit a <a href=\"https:\/\/www.daregio.hu\">www.daregio.hu<\/a> oldalon!<br \/>\nMost van itt az id\u0151, hogy belev\u00e1gj \u2013 a digit\u00e1lis vil\u00e1g r\u00e1d v\u00e1r!<\/p>\n<\/div>\n<\/div><\/div><\/div><\/div><\/div>","protected":false},"excerpt":{"rendered":"<p>Karrierv\u00e1lt\u00e1s 30 felett \u2013 hogyan seg\u00edthet az online informatikai k\u00e9pz\u00e9s? &nbsp; Egyre t\u00f6bben \u00e9rzik \u00fagy, hogy 30 \u00e9ves kor ut\u00e1n elj\u00f6tt az id\u0151 a v\u00e1lt\u00e1sra.&hellip;<\/p>\n","protected":false},"author":1,"featured_media":0,"parent":0,"menu_order":0,"comment_status":"closed","ping_status":"closed","template":"","meta":{"footnotes":""},"class_list":["post-990","page","type-page","status-publish","hentry"],"_links":{"self":[{"href":"https:\/\/www.daregio.hu\/index.php\/wp-json\/wp\/v2\/pages\/990"}],"collection":[{"href":"https:\/\/www.daregio.hu\/index.php\/wp-json\/wp\/v2\/pages"}],"about":[{"href":"https:\/\/www.daregio.hu\/index.php\/wp-json\/wp\/v2\/types\/page"}],"author":[{"embeddable":true,"href":"https:\/\/www.daregio.hu\/index.php\/wp-json\/wp\/v2\/users\/1"}],"replies":[{"embeddable":true,"href":"https:\/\/www.daregio.hu\/index.php\/wp-json\/wp\/v2\/comments?post=990"}],"version-history":[{"count":7,"href":"https:\/\/www.daregio.hu\/index.php\/wp-json\/wp\/v2\/pages\/990\/revisions"}],"predecessor-version":[{"id":992,"href":"https:\/\/www.daregio.hu\/index.php\/wp-json\/wp\/v2\/pages\/990\/revisions\/992"}],"wp:attachment":[{"href":"https:\/\/www.daregio.hu\/index.php\/wp-json\/wp\/v2\/media?parent=990"}],"curies":[{"name":"wp","href":"https:\/\/api.w.org\/{rel}","templated":true}]}}